x**3 - 22*x**2 + 99*x - 93. Is l(20) composite?
False
Let m = -372 + 639. Suppose -5*b + m = -188. Is b a prime number?
False
Suppose -v - 4*t + 333 = -8*t, 0 = -4*v - t + 1315. Suppose v = m + 92. Is m prime?
False
Suppose 2466*s = 2462*s + 201644. Is s composite?
False
Let h(m) = 4*m**3 - 3*m**2 - 5*m - 1. Let n(v) = -5*v**3 + 2*v**2 + 6*v + 2. Let a(y) = -3*h(y) - 2*n(y). Let g(u) = -u - 11. Let t be g(-8). Is a(t) prime?
True
Is (-3)/(-18) - (-330374)/132 a prime number?
True
Let h(q) = q**3 - 6*q**2 + 8*q - 9. Let u be h(5). Suppose -13*n + 805 = -u*n. Is n prime?
False
Let u(k) be the first derivative of -305*k**2/2 - 10*k - 13. Let w be u(7). Let j = w + 3538. Is j a prime number?
False
Is (1/1)/(2 - (-44286)/(-22146)) prime?
True
Suppose -l = -5*z - 874, 2*z - 1736 = -9*l + 7*l. Is l composite?
True
Suppose 93*z + 155284 = 97*z. Is z a prime number?
True
Suppose 54466 - 13481 = 7*g. Is g prime?
False
Let l(a) = -a**3 - 16*a**2 - 51*a + 27. Is l(-23) a prime number?
True
Suppose -5*u - 5 = -20. Suppose 0 = 3*w + w + 5*p - 208, -3*w = 5*p - 161. Suppose 55 = 2*x + x + 2*v, u*x + 4*v - w = 0. Is x a prime number?
False
Let c(h) = 8*h + 1. Let m be c(-5). Let n = m - -18. Is n*((-8)/(-6) + -2) a prime number?
False
Suppose 3*m + 0*m + 51 = 5*l, 0 = 2*l - 4*m - 26. Suppose l*b - 6*b = -15, 4*q - 498 = 2*b. Suppose -138 = -4*f + q. Is f a composite number?
True
Suppose 879*d = 886*d - 2009. Is d a prime number?
False
Suppose 108*z = 107*z + 10790. Suppose 2*r = 3*w - 0*w - 6479, -5*r = 5*w - z. Is w composite?
True
Let z = -9 - -12. Suppose -2*u - z*n + 19 = 3*u, -4 = -5*u + 2*n. Suppose -j + 484 = 4*t - u*j, j - 614 = -5*t. Is t composite?
True
Is 797804/6*(-28)/((-112)/6) a composite number?
True
Let x(u) = 7116*u + 221. Is x(4) prime?
False
Suppose -6*j + 21048 = -4764. Let s = -2017 + j. Is s prime?
False
Let j(i) = 3*i**2 - 11*i - 777. Let s(r) = r**2 - 4*r - 259. Let l(k) = -4*j(k) + 11*s(k). Is l(0) composite?
True
Suppose -9*f + 41882 + 16159 = 0. Is f a composite number?
False
Let y(c) = 14*c + 108*c**3 - 3*c**2 - 109*c**3 + 5 + 0*c**2. Is y(-10) a prime number?
False
Let t = -458 + 3613. Is t composite?
True
Let b be (78/15 - 4)*-170. Let q be b/15 + 2/(-5). Let u(t) = 2*t**2 + 3*t + 21. Is u(q) composite?
True
Suppose 21502 + 28061 = 9*c. Is c a composite number?
False
Let q be (3 - 2) + 37 + -4. Let n(j) = -5 + 8 - 6*j + q*j. Is n(2) prime?
True
Suppose 1080*x = 1097*x - 1541849. Is x composite?
False
Suppose -6482 = -2*c + 4*f, 5*c - 4*f = 24871 - 8648. Is c composite?
True
Suppose 0 = -5*j + 5*z + 5980, 2*j - 633 = -z + 1750. Is j composite?
False
Let w(n) be the third derivative of n**5/60 - 5*n**4/12 - 5*n**3/3 - 6*n**2. Let k be w(11). Is k/((-224)/(-74) - 3) prime?
True
Let a = 7 - 3. Suppose -a*o - 68 = -v - 3*v, -3*v - 54 = 2*o. Is (-4554)/o - 3/(-21) composite?
True
Let z = 4102 + -2819. Is z a prime number?
True
Suppose -6*c = 11*c - 21199. Is c a composite number?
True
Let p be (-16)/(-108)*-15 + (-2)/(-9). Is 3879/6*(-1)/3*p a composite number?
False
Let t be 15/10*2*1. Suppose 81 = 3*q + 3*v - 9, t*v = 3*q - 90. Let n = q - -23. Is n prime?
True
Let s(m) = 6*m**2 - 2*m - 1. Let k(p) = p**3 - 6*p**2 + 7*p + 3. Let q(u) = -u. Let o(x) = -k(x) + 2*q(x). Let a be o(4). Is s(a) a prime number?
True
Let h = 49414 - 29753. Is h a prime number?
True
Is (18069/6)/(1/2) a prime number?
False
Suppose 4*q - 2*m = -7*m - 733, -3*q - m - 547 = 0. Let v = -103 - q. Is v a prime number?
True
Suppose -3*z - 3*o + 708 = 0, -32 = 2*z - o - 516. Is 2 - (1 + -4 - (z + 6)) prime?
True
Let r = -46346 - -68457. Is r a prime number?
True
Let h(o) = 186*o**2 + 4*o - 47. Is h(6) a prime number?
True
Let b(i) = i - 1. Let y be b(-10). Let u = y + 11. Suppose u*s - 3*s = -387. Is s a composite number?
True
Suppose 0 = 5*x + 5*b - 35195, -4*x = 5*b - 22452 - 5700. Is x composite?
False
Suppose 176 = 5*q - 954. Suppose -5*v = -4*g + 25, 0 + 5 = -v. Suppose -4*k + 162 + q = g. Is k a prime number?
True
Let q = -50 + 343. Is q a composite number?
False
Let q = 43 - 3199. Let o = -1774 - q. Is (-8)/(-36) - o/(-18) a composite number?
True
Suppose 490 = -0*h + 4*h + 2*r, 4*r = 4*h - 484. Let d = h - -291. Is d a prime number?
False
Let q be -9*((-16)/(-18))/(-4). Let a be -76*(q + 12/(-8)). Let l = a + 180. Is l a composite number?
True
Let d = -14 - -16. Suppose c - d*v = 100, -2*c + 100 = -c + 2*v. Suppose 2*i - o - 193 = 0, 3*i + 3*o = 2*i + c. Is i a composite number?
False
Suppose 92 = -5*d + n + 427, 0 = -4*d + 2*n + 274. Suppose -4*q = -4 - 4. Suppose q*t - d = 224. Is t a prime number?
False
Suppose -54791 = -2*t - 12805. Is t a composite number?
True
Suppose 5*l = 2*l - 0*l. Suppose -5*s + 8901 = 4*p - l*p, -5*p - 5*s + 11120 = 0. Is p composite?
True
Let v = 40 + -20. Suppose 18*a = v*a - 222. Suppose 5*g = 59 + a. Is g prime?
False
Let b(x) = -x + 18. Let g be b(3). Suppose g*c = 3605 + 5920. Is c composite?
True
Suppose 3*p + 15 = -12. Let l be (-28)/(-35)*(-1 + p). Is (l/8)/(2/(-502)) prime?
True
Suppose 2*o + 3406 - 18104 = 0. Is o a prime number?
True
Suppose 49*s + 31180 = 59*s. Is s composite?
True
Let r = -6774 - -22189. Is r a composite number?
True
Suppose 3*p - 2*p - 2 = 0. Suppose 3*x - j = -4*j + 288, -167 = -p*x + 3*j. Let w = x - 14. Is w composite?
True
Suppose 5*x = 140143 + 53962. Is x prime?
True
Let k = 9049 - 6443. Suppose 0 = -5*q - 211 + k. Is q a prime number?
True
Let g = 1382 + 5345. Suppose 11*y - g = 4*y. Is y a composite number?
True
Suppose 4*p = 81770 - 18654. Is p composite?
True
Suppose f - 295 = -q, 283 = f - 3*q - 0*q. Suppose -4*i + 3*y - 293 = -1488, 0 = i - 3*y - f. Is i prime?
False
Let t(s) = 118*s**2 - s. Let k(g) = g**2 + 2*g - 4. Let m be k(-3). Is t(m) prime?
False
Let o = -59 + 68. Is (o/(-3) - 3799)/(1 - 3) prime?
True
Is -2*28186*(4 + (-68)/16) a prime number?
False
Suppose 0 = n - 2*f - 3639, 3*f - 3649 = -15*n + 14*n. Is n composite?
False
Let m(x) = 1470*x + 28. Let j be m(4). Suppose -8*g + 12*g = j. Is g a composite number?
True
Let l(n) be the third derivative of n**8/1440 + n**7/5040 - n**6/720 - n**5/15 + 8*n**2. Let d(z) be the third derivative of l(z). Is d(1) composite?
True
Let f be 0 + (4 - 4) - 4. Is 20*f/(-6)*(-11697)/(-56) composite?
True
Is (3 - 7370/(-20))/(1/2) composite?
False
Let h(j) = -j**3 - 3*j**2 + 4*j - 31. Is h(-16) composite?
True
Suppose 0 = 96*q - 77*q - 113259. Is q a prime number?
False
Let d(l) = 157*l - 1 - 5*l + 46*l. Let a(k) = -k**2 + 21*k - 102. Let x be a(13). Is d(x) prime?
False
Suppose 112 = -2*f + 9*f. Let z = f + 403. Is z a composite number?
False
Let o(q) = -225*q - 20. Let m = 5 + -8. Is o(m) a prime number?
False
Suppose 0 = -r - g + 6, -2*g + 14 = -3*r + 3*g. Is 168/2 - 5 - r a prime number?
False
Let l be 1/2*(-30)/(5 + -10). Suppose -2057 = -l*k + 2*g, 0 = 2*k - 3*k + 3*g + 688. Is k a composite number?
True
Suppose -4*h + 3*q + 47689 = 0, 5*q + 0*q = 5*h - 59610. Is h prime?
True
Let r = -139 - -5. Let w = r - -565. Is w a prime number?
True
Suppose 0 = 3*l - 114 - 12. Let g be (-12)/l + (-4)/(-14). Let a = 95 + g. Is a a composite number?
True
Suppose -k = w - 16, -5*w + 3*k = -72 - 24. Let m be (-72)/1 - w/(-9). Let j = m + 167. Is j prime?
True
Suppose 27*b - 22*b = 10. Is (-1348)/8*b*-1 composite?
False
Is (778492/130)/((-8)/(-20)) composite?
True
Let s(x) = x**3 - 3*x**2 - 4*x - 1. Let z be s(3). Let v(w) = -w**3 - 11*w**2 + 30*w + 6. Let g(n) = 4*n - 1. Let l(h) = -3*g(h) + v(h). Is l(z) composite?
False
Let d = 82 - -1287. Is d a composite number?
True
Let s = -10 - -12. Suppose -s*j + 0*j + 2*z - 2 = 0, j = -z - 3. Is (59*(-20)/2)/j a prime number?
False
Suppose -c = -4*c + 39. Let w be (12/3 + -16)*c. Is (-1 - w) + 0 + 2 a prime number?
True
Is 9620 + -19 + (9 - 1) prime?
False
Suppose 3*h = -15, 0*h + 45 = d - 4*h. Is (-15)/d + 11716/10 a composite number?
False
Suppose 2*p = 4*m - 0*p + 10156, -3*m - p = 7617. Let h be 1*1/(-1) - 1789. Let o = h - m. Is o a composite number?
True
Let x(s) = -2*s - 7. Let b be (-29 + 9)*4/(-10). Let j be x(b). Is 1/((-1)/j) + -1 a prime number?
False
Let j = 22 + -19. Suppose -4*x + 25 = t, -2*t - 2*x + 77 = -j*x. Is t a prime number?
True
Let k = -49 - -49. Suppose -4*f + f + 1677 = k. Is f pri